ide 7909117?
False
Does 11 divide 31897037?
False
Is 172724559 a multiple of 147?
True
Is 80 a factor of 4509826?
False
Is 287371191 a multiple of 285?
False
Does 40 divide 179749904?
False
Does 13 divide 383970197?
True
Is 544626445 a multiple of 355?
True
Is 18 a factor of 15867252?
True
Is 75840408 a multiple of 216?
True
Is 225262224 a multiple of 957?
False
Does 393 divide 4478235?
True
Is 264032934 a multiple of 94?
True
Does 4 divide 7031445?
False
Does 618 divide 229206312?
True
Is 96 a factor of 16138080?
True
Does 22 divide 33504747?
False
Does 87 divide 119757782?
False
Is 103 a factor of 10272057?
False
Is 1319042014 a multiple of 37?
False
Does 2 divide 359120332?
True
Is 1231213730 a multiple of 22?
False
Is 305123596 a multiple of 14?
False
Does 38 divide 373924750?
True
Is 250234787 a multiple of 31?
False
Does 32 divide 229437696?
True
Does 47 divide 289552900?
True
Is 611 a factor of 443672762?
True
Is 5169 a factor of 1320335860?
False
Is 99 a factor of 57972316?
False
Is 73 a factor of 25925731?
True
Does 483 divide 179501717?
False
Does 3 divide 99070282?
False
Does 229 divide 380046339?
True
Is 841 a factor of 194295389?
True
Is 4120 a factor of 1732600600?
False
Is 10 a factor of 291899643?
False
Is 8730016 a multiple of 162?
False
Does 505 divide 325100315?
True
Does 87 divide 511199781?
False
Is 23 a factor of 195669656?
False
Does 13 divide 2281844717?
False
Is 239 a factor of 451702643?
False
Does 71 divide 21782656?
False
Does 128 divide 21810176?
True
Is 2794538267 a multiple of 47?
True
Is 705762 a multiple of 15?
False
Is 32 a factor of 27923165?
False
Does 764 divide 27432184?
True
Is 19116522 a multiple of 312?
False
Is 593 a factor of 231188166?
True
Is 535492054 a multiple of 5?
False
Does 474 divide 591440795?
False
Is 9819505 a multiple of 23?
True
Does 894 divide 317521980?
True
Is 59 a factor of 86331710?
False
Does 5245 divide 474515150?
True
Is 144 a factor of 7923690?
False
Does 1048 divide 53940560?
True
Is 668703067 a multiple of 4?
False
Is 5 a factor of 26710690?
True
Is 7250610 a multiple of 30?
True
Is 34938250 a multiple of 172?
False
Is 59192568 a multiple of 18?
True
Does 751 divide 127359837?
True
Is 967 a factor of 839961355?
False
Does 277 divide 173330461?
False
Is 2946337753 a multiple of 380?
False
Is 866633898 a multiple of 115?
False
Is 2857196995 a multiple of 155?
True
Is 64889048 a multiple of 2216?
False
Does 202 divide 1265638173?
False
Is 103 a factor of 39489805?
False
Is 458316755 a multiple of 35?
False
Is 1673257016 a multiple of 157?
True
Is 3265552168 a multiple of 93?
False
Does 121 divide 17870440?
False
Is 1994027 a multiple of 376?
False
Is 43573951 even?
False
Is 507172795 a multiple of 4883?
True
Is 56589840 a multiple of 720?
True
Does 13 divide 287603667?
True
Is 27 a factor of 65411368?
False
Does 38 divide 2348067019?
False
Does 37 divide 1950402482?
False
Is 61917950 a multiple of 10?
True
Does 2877 divide 49205331?
True
Is 1273 a factor of 772823024?
True
Does 15 divide 454455?
True
Does 287 divide 11534740?
False
Is 1389 a factor of 68035998?
True
Does 323 divide 332879862?
False
Is 6259634 a multiple of 201?
False
Is 5680 a factor of 206774720?
True
Is 21773180 a multiple of 715?
True
Is 5 a factor of 29809960?
True
Is 28 a factor of 7072184?
True
Is 5 a factor of 56771522?
False
Is 113585703 a multiple of 1955?
False
Is 138720591 a multiple of 115?
False
Does 10 divide 380130?
True
Does 3169 divide 461674565?
False
Does 88 divide 1691712?
True
Does 32 divide 10870912?
True
Is 9140280 a multiple of 236?
True
Does 13365 divide 1645895173?
False
Is 214530432 a multiple of 166?
True
Does 658 divide 136812018?
True
Is 3908 a factor of 85609984?
False
Is 3492 a factor of 694128603?
False
Does 2053 divide 4900511?
True
Is 998 a factor of 269526866?
True
Is 112 a factor of 4988256?
True
Is 35577295 a multiple of 101?
False
Is 44 a factor of 25819755?
False
Is 43451959 a multiple of 29?
False
Does 14 divide 132122564?
True
Does 3 divide 481798?
False
Does 265 divide 5115928?
False
Is 14379640 a multiple of 605?
True
Is 10710180 a multiple of 690?
True
Is 127 a factor of 1622606625?
False
Is 575 a factor of 60905336?
False
Is 812800313 a multiple of 528?
False
Does 3906 divide 696846024?
True
Is 7 a factor of 2193895958?
False
Does 2183 divide 24125466?
False
Does 563 divide 608821145?
False
Is 33 a factor of 173745330?
True
Does 28 divide 16790088?
True
Is 4 a factor of 54820521?
False
Is 631 a factor of 29128853?
True
Is 13 a factor of 1797264559?
False
Is 7 a factor of 3284589?
True
Is 2371 a factor of 760493579?
False
Is 35177119 a multiple of 674?
False
Does 1835 divide 870845308?
False
Does 422 divide 662729478?
True
Does 2555 divide 327264840?
True
Is 30512544 a multiple of 380?
False
Is 33 a factor of 26716074?
True
Is 203524 a multiple of 34?
True
Is 431257385 a multiple of 122?
False
Does 205 divide 26370380?
True
Is 4849430 a multiple of 55?
False
Is 683 a factor of 21609978?
False
Is 13 a factor of 75145044?
True
Is 60 a factor of 518372580?
True
Is 78593142 a multiple of 3647?
False
Does 25 divide 826748475?
True
Is 2678 a factor of 11688367?
False
Is 12099495 a multiple of 17?
True
Is 1901332440 a multiple of 12?
True
Does 18 divide 2050974?
True
Does 554 divide 18037272?
False
Is 3917 a factor of 251108088?
False
Does 12 divide 231078096?
True
Is 234 a factor of 259332138?
True
Does 554 divide 16574615?
False
Does 3 divide 34335117?
True
Does 2776 divide 383254560?
True
Is 44042 a multiple of 19?
True
Is 581 a factor of 82722749?
False
Does 87 divide 5526279?
False
Does 41 divide 127592805?
False
Is 45 a factor of 29593751?
False
Is 26 a factor of 288391116?
True
Is 15776368 a multiple of 302?
False
Is 3742019 a multiple of 318?
False
Does 44 divide 466963116?
False
Is 44 a factor of 47676948?
True
Does 1400 divide 49100178?
False
Does 8 divide 4718046013?
False
Is 12 a factor of 32612880?
True
Is 318 a factor of 130770706?
False
Does 1691 divide 144254137?
True
Does 5282 divide 57611431?
False
Is 971383317 a multiple of 30?
False
Is 167 a factor of 212705297?
False
Is 30117150 a multiple of 150?
True
Is 16663737 a multiple of 1388?
False
Is 9099 a factor of 3142230462?
True
Does 109 divide 546260724?
False
Is 275 a factor of 375161050?
True
Is 53 a factor of 9548851?
True
Does 13 divide 2564011781?
False
Does 3977 divide 489739400?
False
Is 458 a factor of 356694980?
True
Does 30 divide 5601150?
True
Is 13 a factor of 1494127569?
False
Is 111130218 a multiple of 9?
True
Is 374255542 a multiple of 827?
True
Is 1332353304 a multiple of 18?
True
Is 835 a factor of 49423969?
False
Is 23655508 a multiple of 4?
True
Is 13184094 a multiple of 33?
True
Is 23 a factor of 46695967?
False
Does 222 divide 2308550881?
False
Is 1511213486 a multiple of 269?
True
Does 7 divide 11991203?
True
Is 713864928 a multiple of 32?
True
Is 37705078 a multiple of 373?
True
Is 984078711 a multiple of 64?
False
Does 8 divide 30288632?
True
Is 3025512 a multiple of 72?
True
Is 65642850 a multiple of 687?
True
Is 72603477 a multiple of 814?
False
Is 25944217 a multiple of 3761?
False
Is 611567596 a multiple of 80?
False
Does 189 divide 88373994?
False
Is 22644275 a multiple of 7?
False
Is 4311792 a multiple of 7?
False
Does 6 divide 427952974?
False
Is 169595814 a multiple of 6?
True
Is 5042968 a multiple of 1074?
False
Is 208 a factor of 126513016?
False
Does 259 divide 401521484?
True
Is 112 a factor of 878069920?
True
Is 349152228 a multiple of 108?
True
Is 61 a factor of 97883997?
False
Is 34 a factor of 14580773?
False
Does 273 divide 606972639?
True
Is 27 a factor of 5126865464?
False
Is 43300545 a multiple of 37?
True
Is 497 a factor of 773339743?
False
Does 61 divide 76992019?
False
Is 1785061678 a multiple of 475?
False
Is 5163 a factor of 262879308?
True
Is 3 a factor of 248450696?
False
Is 159666631 a multiple of 14?
False
Is 116 a factor of 45353291?
False
Does 329 divide 55310164?
True
Is 27 a factor of 576522408?
False
Is 847 a factor of 261763313?
False
Is 1060839670 a multiple of 55?
True
Does 25 divide 835107885?
False
Is 26638944 a multiple of 12?
True
Is 2699682 a multiple of 452?
False
Is 11 a factor of 440523435?
True
Does 124 divide 218316600?
False
Is 712